he remainder when 81358 is divided by 30?
28
Calculate the remainder when 345108 is divided by 241.
237
What is the remainder when 948 is divided by 88?
68
What is the remainder when 9153 is divided by 2287?
5
What is the remainder when 166286 is divided by 23?
19
Calculate the remainder when 2523 is divided by 2523.
0
Calculate the remainder when 8212 is divided by 4066.
80
What is the remainder when 10853 is divided by 903?
17
Calculate the remainder when 12698 is divided by 494.
348
Calculate the remainder when 119845 is divided by 332.
325
Calculate the remainder when 624 is divided by 87.
15
Calculate the remainder when 6941 is divided by 117.
38
What is the remainder when 3514 is divided by 1137?
103
What is the remainder when 7361 is divided by 44?
13
Calculate the remainder when 2828 is divided by 223.
152
What is the remainder when 76102 is divided by 151?
149
Calculate the remainder when 189510 is divided by 102.
96
What is the remainder when 132621 is divided by 25?
21
Calculate the remainder when 1954 is divided by 32.
2
What is the remainder when 36219 is divided by 20?
19
What is the remainder when 589 is divided by 144?
13
Calculate the remainder when 6935 is divided by 6924.
11
What is the remainder when 396 is divided by 227?
169
What is the remainder when 969 is divided by 968?
1
Calculate the remainder when 4686 is divided by 167.
10
What is the remainder when 117822 is divided by 39271?
9
What is the remainder when 21476 is divided by 62?
24
What is the remainder when 14913 is divided by 625?
538
Calculate the remainder when 3084 is divided by 1538.
8
Calculate the remainder when 5342 is divided by 134.
116
What is the remainder when 80593 is divided by 255?
13
What is the remainder when 922 is divided by 57?
10
Calculate the remainder when 33135 is divided by 70.
25
What is the remainder when 28876 is divided by 1069?
13
What is the remainder when 176360 is divided by 17?
2
Calculate the remainder when 36662 is divided by 9163.
10
Calculate the remainder when 18802797 is divided by 1200.
1197
Calculate the remainder when 146483 is divided by 156.
155
Calculate the remainder when 1216 is divided by 188.
88
Calculate the remainder when 2434 is divided by 143.
3
What is the remainder when 4165 is divided by 122?
17
Calculate the remainder when 44762 is divided by 22288.
186
What is the remainder when 1832798 is divided by 79?
77
Calculate the remainder when 319436 is divided by 1210.
1206
What is the remainder when 66714 is divided by 7?
4
Calculate the remainder when 79901 is divided by 701.
688
Calculate the remainder when 1055 is divided by 183.
140
Calculate the remainder when 13918 is divided by 39.
34
What is the remainder when 415869 is divided by 12?
9
What is the remainder when 71160 is divided by 13?
11
Calculate the remainder when 16338 is divided by 4059.
102
Calculate the remainder when 1735 is divided by 33.
19
What is the remainder when 132980 is divided by 66488?
4
Calculate the remainder when 13480 is divided by 91.
12
Calculate the remainder when 4302 is divided by 4272.
30
Calculate the remainder when 2517 is divided by 45.
42
What is the remainder when 39491 is divided by 940?
11
What is the remainder when 1280618 is divided by 182943?
17
Calculate the remainder when 200588 is divided by 129.
122
Calculate the remainder when 38552 is divided by 688.
24
Calculate the remainder when 15360 is divided by 529.
19
What is the remainder when 148319 is divided by 3903?
5
What is the remainder when 6269 is divided by 314?
303
What is the remainder when 28744 is divided by 3?
1
Calculate the remainder when 18914 is divided by 338.
324
What is the remainder when 54770 is divided by 18253?
11
What is the remainder when 1493 is divided by 376?
365
Calculate the remainder when 4612 is divided by 16.
4
What is the remainder when 4623 is divided by 185?
183
What is the remainder when 17327 is divided by 28?
23
Calculate the remainder when 3038 is divided by 138.
2
What is the remainder when 64230 is divided by 1425?
105
What is the remainder when 2234 is divided by 435?
59
Calculate the remainder when 676 is divided by 22.
16
What is the remainder when 58710 is divided by 55?
25
Calculate the remainder when 12918 is divided by 11.
4
What is the remainder when 904999 is divided by 724?
723
What is the remainder when 10140 is divided by 4753?
634
Calculate the remainder when 639370 is divided by 241.
238
Calculate the remainder when 84651 is divided by 6.
3
Calculate the remainder when 1417 is divided by 107.
26
Calculate the remainder when 1158 is divided by 1115.
43
What is the remainder when 20817 is divided by 257?
0
Calculate the remainder when 103204 is divided by 25800.
4
Calculate the remainder when 10028 is divided by 3334.
26
What is the remainder when 9132 is divided by 824?
68
What is the remainder when 50311 is divided by 307?
270
Calculate the remainder when 2252 is divided by 1047.
158
Calculate the remainder when 36233 is divided by 1646.
21
Calculate the remainder when 899 is divided by 150.
149
What is the remainder when 6576 is divided by 439?
430
What is the remainder when 4391 is divided by 266?
135
Calculate the remainder when 2860 is divided by 949.
13
Calculate the remainder when 18451 is divided by 11.
4
What is the remainder when 1911 is divided by 293?
153
Calculate the remainder when 390 is divided by 203.
187
What is the remainder when 129430 is divided by 2489?
2
What is the remainder when 65727 is divided by 498?
489
Calculate the remainder when 248 is divided by 234.
14
Calculate the remainder when 2156 is divided by 79.
23
What is the remainder when 6368 is divided by 593?
438
What is the remainder when 44809 is divided by 79?
16
Calculate the remainder when 2572 is divided by 24.
4
What is the remainder when 12014 is divided by 152?
6
Calculate the remainder when 26243 is divided by 680.
403
Calculate the remainder when 2658 is divided by 116.
106
What is the remainder when 105657 is divided by 18?
15
What is the remainder when 17446 is divided by 5781?
103
Calculate the remainder when 6419 is divided by 6.
5
What is the remainder when 55430 is divided by 528?
518
Calculate the remainder when 28035 is divided by 338.
319
Calculate the remainder when 19076 is divided by 4763.
24
Calculate the remainder when 19181 is divided by 82.
75
What is the remainder when 4062 is divided by 79?
33
Calculate the remainder when 748797 is divided by 225.
222
Calculate the remainder when 976 is divided by 485.
6
What is the remainder when 1162 is divided by 1151?
11
What is the remainder when 8959 is divided by 8752?
207
Calculate the remainder when 8799 is divided by 91.
63
Calculate the remainder when 42401 is divided by 2019.
2
What is the remainder when 3988 is divided by 988?
36
Calculate the remainder when 3925 is divided by 1914.
97
Calculate the remainder when 3661 is divided by 1725.
211
Calculate the remainder when 10924 is divided by 368.
252
Calculate the remainder when 1128 is divided by 584.
544
What is the remainder when 2288 is divided by 29?
26
What is the remainder when 15339 is divided by 67?
63
Calculate the remainder when 39690 is divided by 364.
14
What is the remainder when 1858 is divided by 70?
38
What is the remainder when 4338 is divided by 288?
18
What is the remainder when 2492 is divided by 104?
100
Calculate the remainder when 1197 is divided by 398.
3
Calculate the remainder when 1656 is divided by 178.
54
Calculate the remainder when 11332 is divided by 21.
13
What is the remainder when 17566 is divided by 19?
10
Calculate the remainder when 108176 is divided by 27.
14
What is the remainder when 15425 is divided by 7700?
25
Calculate the remainder when 11813 is divided by 117.
113
What is the remainder when 26536 is divided by 175?
111
Calculate the remainder when 1535 is divided by 395.
350
Calculate the remainder when 5281 is divided by 439.
13
What is the remainder when 150375 is divided by 31?
25
What is the remainder when 22778 is divided by 5543?
606
What is the remainder when 34126 is divided by 48?
46
Calculate the remainder when 8538 is divided by 77.
68
Calculate the remainder when 3366 is divided by 225.
216
What is the remainder when 308 is divided by 176?
1